{"id":2110,"date":"2025-04-27T13:23:54","date_gmt":"2025-04-27T13:23:54","guid":{"rendered":"https:\/\/faglaererkurser.dk\/?page_id=2110"},"modified":"2025-04-27T13:23:54","modified_gmt":"2025-04-27T13:23:54","slug":"risici-i-trafikken-1-4","status":"publish","type":"page","link":"https:\/\/faglaererkurser.dk\/index.php\/risici-i-trafikken-1-4\/","title":{"rendered":"Risici i trafikken 1.4"},"content":{"rendered":"\n<p>M\u00e5l: evne til at forudse, vurdere og tilpasse sig risici i trafikken:<\/p>\n\n\n\n<p>At v\u00e6re klar over og tilpasse sig forskellige vej-, trafik- og vejrforhold, forudse kommende begivenheder, at forst\u00e5, hvordan man skal forberede og planl\u00e6gge en tur under unormale vejrforhold, at have kendskab til brugen af sikkerhedsudstyr og forst\u00e5, n\u00e5r en tur m\u00e5 uds\u00e6ttes eller aflyses p\u00e5 grund af ekstreme vejrforhold, at tilpasse sig trafikrisici, herunder farlig adf\u00e6rd i trafikken eller distraheret k\u00f8rsel (gennem anvendelse af elektronisk udstyr, at spise, drikke, osv.), at anerkende og tilpasse sig farlige situationer og v\u00e6re i stand til at h\u00e5ndtere stress, der er afledt heraf, navnlig med hensyn til k\u00f8ret\u00f8jernes st\u00f8rrelse og v\u00e6gt samt s\u00e5rbare trafikanter s\u00e5som fodg\u00e6ngere, cyklister og tohjulede motoriserede k\u00f8ret\u00f8jer.<\/p>\n\n\n\n<p>At identificere mulige farlige situationer og korrekt fortolke, hvordan disse potentielt farlige situationer kan blive til situationer hvor sammenst\u00f8d ikke l\u00e6ngere kan undg\u00e5s, og v\u00e6lge og foretage handlinger, der \u00f8ger sikkerhedsmargenen i en s\u00e5dan grad, at et sammenst\u00f8d stadig kan undg\u00e5s, hvis den potentielle farlige situation opst\u00e5r.<\/p>\n","protected":false},"excerpt":{"rendered":"<p>M\u00e5l: evne til at forudse, vurdere og tilpasse sig risici i trafikken: At v\u00e6re klar over og tilpasse sig forskellige vej-, trafik- og vejrforhold, forudse&hellip;<\/p>\n","protected":false},"author":1,"featured_media":0,"parent":0,"menu_order":0,"comment_status":"closed","ping_status":"closed","template":"","meta":{"footnotes":""},"class_list":["post-2110","page","type-page","status-publish","hentry"],"yoast_head":"<!-- This site is optimized with the Yoast SEO plugin v25.0 - https:\/\/yoast.com\/wordpress\/plugins\/seo\/ -->\n<title>Risici i trafikken 1.4 - Fagl&aelig;rerkurser<\/title>\n<meta name=\"robots\" content=\"index, follow, max-snippet:-1, max-image-preview:large, max-video-preview:-1\" \/>\n<link rel=\"canonical\" href=\"https:\/\/faglaererkurser.dk\/index.php\/risici-i-trafikken-1-4\/\" \/>\n<meta property=\"og:locale\" content=\"da_DK\" \/>\n<meta property=\"og:type\" content=\"article\" \/>\n<meta property=\"og:title\" content=\"Risici i trafikken 1.4 - Fagl&aelig;rerkurser\" \/>\n<meta property=\"og:description\" content=\"M\u00e5l: evne til at forudse, vurdere og tilpasse sig risici i trafikken: At v\u00e6re klar over og tilpasse sig forskellige vej-, trafik- og vejrforhold, forudse&hellip;\" \/>\n<meta property=\"og:url\" content=\"https:\/\/faglaererkurser.dk\/index.php\/risici-i-trafikken-1-4\/\" \/>\n<meta property=\"og:site_name\" content=\"Fagl&aelig;rerkurser\" \/>\n<meta name=\"twitter:card\" content=\"summary_large_image\" \/>\n<meta name=\"twitter:label1\" content=\"Estimeret l\u00e6setid\" \/>\n\t<meta name=\"twitter:data1\" content=\"1 minut\" \/>\n<script type=\"application\/ld+json\" class=\"yoast-schema-graph\">{\"@context\":\"https:\/\/schema.org\",\"@graph\":[{\"@type\":\"WebPage\",\"@id\":\"https:\/\/faglaererkurser.dk\/index.php\/risici-i-trafikken-1-4\/\",\"url\":\"https:\/\/faglaererkurser.dk\/index.php\/risici-i-trafikken-1-4\/\",\"name\":\"Risici i trafikken 1.4 - Fagl&aelig;rerkurser\",\"isPartOf\":{\"@id\":\"https:\/\/faglaererkurser.dk\/#website\"},\"datePublished\":\"2025-04-27T13:23:54+00:00\",\"breadcrumb\":{\"@id\":\"https:\/\/faglaererkurser.dk\/index.php\/risici-i-trafikken-1-4\/#breadcrumb\"},\"inLanguage\":\"da-DK\",\"potentialAction\":[{\"@type\":\"ReadAction\",\"target\":[\"https:\/\/faglaererkurser.dk\/index.php\/risici-i-trafikken-1-4\/\"]}]},{\"@type\":\"BreadcrumbList\",\"@id\":\"https:\/\/faglaererkurser.dk\/index.php\/risici-i-trafikken-1-4\/#breadcrumb\",\"itemListElement\":[{\"@type\":\"ListItem\",\"position\":1,\"name\":\"Hjem\",\"item\":\"https:\/\/faglaererkurser.dk\/\"},{\"@type\":\"ListItem\",\"position\":2,\"name\":\"Risici i trafikken 1.4\"}]},{\"@type\":\"WebSite\",\"@id\":\"https:\/\/faglaererkurser.dk\/#website\",\"url\":\"https:\/\/faglaererkurser.dk\/\",\"name\":\"Fagl\u00e6rerkurser\",\"description\":\"Skelvej 27, 9900 Frederikshavn - Tlf.: 40 31 25 25\",\"publisher\":{\"@id\":\"https:\/\/faglaererkurser.dk\/#\/schema\/person\/88ce6e6c76774d2e8e17717feb0e053a\"},\"potentialAction\":[{\"@type\":\"SearchAction\",\"target\":{\"@type\":\"EntryPoint\",\"urlTemplate\":\"https:\/\/faglaererkurser.dk\/?s={search_term_string}\"},\"query-input\":{\"@type\":\"PropertyValueSpecification\",\"valueRequired\":true,\"valueName\":\"search_term_string\"}}],\"inLanguage\":\"da-DK\"},{\"@type\":[\"Person\",\"Organization\"],\"@id\":\"https:\/\/faglaererkurser.dk\/#\/schema\/person\/88ce6e6c76774d2e8e17717feb0e053a\",\"name\":\"Kim Bille\",\"image\":{\"@type\":\"ImageObject\",\"inLanguage\":\"da-DK\",\"@id\":\"https:\/\/faglaererkurser.dk\/#\/schema\/person\/image\/\",\"url\":\"https:\/\/faglaererkurser.dk\/wp-content\/uploads\/2022\/02\/cropped-cropped-smart-microchip-background-motherboard-closeup-technology-remix-2.jpg\",\"contentUrl\":\"https:\/\/faglaererkurser.dk\/wp-content\/uploads\/2022\/02\/cropped-cropped-smart-microchip-background-motherboard-closeup-technology-remix-2.jpg\",\"width\":512,\"height\":512,\"caption\":\"Kim Bille\"},\"logo\":{\"@id\":\"https:\/\/faglaererkurser.dk\/#\/schema\/person\/image\/\"},\"sameAs\":[\"https:\/\/faglaererkurser.dk\"]}]}<\/script>\n<!-- \/ Yoast SEO plugin. -->","yoast_head_json":{"title":"Risici i trafikken 1.4 - Fagl&aelig;rerkurser","robots":{"index":"index","follow":"follow","max-snippet":"max-snippet:-1","max-image-preview":"max-image-preview:large","max-video-preview":"max-video-preview:-1"},"canonical":"https:\/\/faglaererkurser.dk\/index.php\/risici-i-trafikken-1-4\/","og_locale":"da_DK","og_type":"article","og_title":"Risici i trafikken 1.4 - Fagl&aelig;rerkurser","og_description":"M\u00e5l: evne til at forudse, vurdere og tilpasse sig risici i trafikken: At v\u00e6re klar over og tilpasse sig forskellige vej-, trafik- og vejrforhold, forudse&hellip;","og_url":"https:\/\/faglaererkurser.dk\/index.php\/risici-i-trafikken-1-4\/","og_site_name":"Fagl&aelig;rerkurser","twitter_card":"summary_large_image","twitter_misc":{"Estimeret l\u00e6setid":"1 minut"},"schema":{"@context":"https:\/\/schema.org","@graph":[{"@type":"WebPage","@id":"https:\/\/faglaererkurser.dk\/index.php\/risici-i-trafikken-1-4\/","url":"https:\/\/faglaererkurser.dk\/index.php\/risici-i-trafikken-1-4\/","name":"Risici i trafikken 1.4 - Fagl&aelig;rerkurser","isPartOf":{"@id":"https:\/\/faglaererkurser.dk\/#website"},"datePublished":"2025-04-27T13:23:54+00:00","breadcrumb":{"@id":"https:\/\/faglaererkurser.dk\/index.php\/risici-i-trafikken-1-4\/#breadcrumb"},"inLanguage":"da-DK","potentialAction":[{"@type":"ReadAction","target":["https:\/\/faglaererkurser.dk\/index.php\/risici-i-trafikken-1-4\/"]}]},{"@type":"BreadcrumbList","@id":"https:\/\/faglaererkurser.dk\/index.php\/risici-i-trafikken-1-4\/#breadcrumb","itemListElement":[{"@type":"ListItem","position":1,"name":"Hjem","item":"https:\/\/faglaererkurser.dk\/"},{"@type":"ListItem","position":2,"name":"Risici i trafikken 1.4"}]},{"@type":"WebSite","@id":"https:\/\/faglaererkurser.dk\/#website","url":"https:\/\/faglaererkurser.dk\/","name":"Fagl\u00e6rerkurser","description":"Skelvej 27, 9900 Frederikshavn - Tlf.: 40 31 25 25","publisher":{"@id":"https:\/\/faglaererkurser.dk\/#\/schema\/person\/88ce6e6c76774d2e8e17717feb0e053a"},"potentialAction":[{"@type":"SearchAction","target":{"@type":"EntryPoint","urlTemplate":"https:\/\/faglaererkurser.dk\/?s={search_term_string}"},"query-input":{"@type":"PropertyValueSpecification","valueRequired":true,"valueName":"search_term_string"}}],"inLanguage":"da-DK"},{"@type":["Person","Organization"],"@id":"https:\/\/faglaererkurser.dk\/#\/schema\/person\/88ce6e6c76774d2e8e17717feb0e053a","name":"Kim Bille","image":{"@type":"ImageObject","inLanguage":"da-DK","@id":"https:\/\/faglaererkurser.dk\/#\/schema\/person\/image\/","url":"https:\/\/faglaererkurser.dk\/wp-content\/uploads\/2022\/02\/cropped-cropped-smart-microchip-background-motherboard-closeup-technology-remix-2.jpg","contentUrl":"https:\/\/faglaererkurser.dk\/wp-content\/uploads\/2022\/02\/cropped-cropped-smart-microchip-background-motherboard-closeup-technology-remix-2.jpg","width":512,"height":512,"caption":"Kim Bille"},"logo":{"@id":"https:\/\/faglaererkurser.dk\/#\/schema\/person\/image\/"},"sameAs":["https:\/\/faglaererkurser.dk"]}]}},"_links":{"self":[{"href":"https:\/\/faglaererkurser.dk\/index.php\/wp-json\/wp\/v2\/pages\/2110","targetHints":{"allow":["GET"]}}],"collection":[{"href":"https:\/\/faglaererkurser.dk\/index.php\/wp-json\/wp\/v2\/pages"}],"about":[{"href":"https:\/\/faglaererkurser.dk\/index.php\/wp-json\/wp\/v2\/types\/page"}],"author":[{"embeddable":true,"href":"https:\/\/faglaererkurser.dk\/index.php\/wp-json\/wp\/v2\/users\/1"}],"replies":[{"embeddable":true,"href":"https:\/\/faglaererkurser.dk\/index.php\/wp-json\/wp\/v2\/comments?post=2110"}],"version-history":[{"count":1,"href":"https:\/\/faglaererkurser.dk\/index.php\/wp-json\/wp\/v2\/pages\/2110\/revisions"}],"predecessor-version":[{"id":2111,"href":"https:\/\/faglaererkurser.dk\/index.php\/wp-json\/wp\/v2\/pages\/2110\/revisions\/2111"}],"wp:attachment":[{"href":"https:\/\/faglaererkurser.dk\/index.php\/wp-json\/wp\/v2\/media?parent=2110"}],"curies":[{"name":"wp","href":"https:\/\/api.w.org\/{rel}","templated":true}]}}