{"id":97,"date":"2020-09-17T21:11:08","date_gmt":"2020-09-17T21:11:08","guid":{"rendered":"https:\/\/faglaererkurser.dk\/?page_id=97"},"modified":"2022-01-29T17:08:22","modified_gmt":"2022-01-29T17:08:22","slug":"faglaererkurser-leg-dig-paa-vej","status":"publish","type":"page","link":"https:\/\/faglaererkurser.dk\/index.php\/faglaererkurser-leg-dig-paa-vej\/","title":{"rendered":"Leg dig p\u00e5 vej"},"content":{"rendered":"\n<p>Leg dig p\u00e5 vej kan anvendes i undervisning i teori p\u00e5 alle k\u00f8rekortkategorier, kvalifikationsbevis og anden undervisning.<\/p>\n\n\n\n<p>Leg dig p\u00e5 vej er en p\u00e6dagogisk metode hvor eleven l\u00e6rer gennem leg og spil. Det kan styrke procedural&nbsp;viden, (l\u00e6ring gennem gentagende \u00f8velse), og episodisk&nbsp;viden til at blive bedre til huske.<\/p>\n\n\n\n<p>Derudover vil nogle spil\/lege henvende sig til den visuelle hukommelse, mens andre spil appellerer til at \u00f8ve sig. I den sproglig kommunikation kan det medvirke til at fremme forst\u00e5elsen og vedligeholde det l\u00e6rte.<\/p>\n\n\n\n<p>Ved brug af billeder, som nogle af spillene har, er der mulighed for at se helheder\/ overblik f.eks. et styret\u00f8j &#8211; eller del- elementer\/ detaljer f.eks. hjulleje.<\/p>\n\n\n\n<p>Spil\/lege kan ogs\u00e5 anvendes til repetition af et eller flere emner.<\/p>\n\n\n\n<p>Alle spil er relateret til emnerne under indhold, og kan anvendes i alle delm\u00e5l, alt afh\u00e6ngig af hvilket spil\/leg man v\u00e6lger.<\/p>\n\n\n\n<p id=\"fagl\u00e6rerkurser\">Ligeledes skal spillene\/legene give inspiration som et p\u00e6dagogiske hj\u00e6lpemiddel der er med til at fremme den enkeltes hukommelse.<\/p>\n","protected":false},"excerpt":{"rendered":"<p>Leg dig p\u00e5 vej kan anvendes i undervisning i teori p\u00e5 alle k\u00f8rekortkategorier, kvalifikationsbevis og anden undervisning. Leg dig p\u00e5 vej er en p\u00e6dagogisk metode&hellip;<\/p>\n","protected":false},"author":1,"featured_media":0,"parent":0,"menu_order":0,"comment_status":"closed","ping_status":"closed","template":"","meta":{"footnotes":""},"class_list":["post-97","page","type-page","status-publish","hentry"],"yoast_head":"<!-- This site is optimized with the Yoast SEO plugin v25.0 - https:\/\/yoast.com\/wordpress\/plugins\/seo\/ -->\n<title>Fagl&aelig;rerkurser - Leg dig p\u00e5 vej<\/title>\n<meta name=\"description\" content=\"Leg dig p\u00e5 vej kan anvendes i undervisning i teori p\u00e5 alle k\u00f8rekortkategorier, kvalifikationsbevis og anden undervisning.\" \/>\n<meta name=\"robots\" content=\"index, follow, max-snippet:-1, max-image-preview:large, max-video-preview:-1\" \/>\n<link rel=\"canonical\" href=\"https:\/\/faglaererkurser.dk\/index.php\/faglaererkurser-leg-dig-paa-vej\/\" \/>\n<meta property=\"og:locale\" content=\"da_DK\" \/>\n<meta property=\"og:type\" content=\"article\" \/>\n<meta property=\"og:title\" content=\"Fagl&aelig;rerkurser - Leg dig p\u00e5 vej\" \/>\n<meta property=\"og:description\" content=\"Leg dig p\u00e5 vej kan anvendes i undervisning i teori p\u00e5 alle k\u00f8rekortkategorier, kvalifikationsbevis og anden undervisning.\" \/>\n<meta property=\"og:url\" content=\"https:\/\/faglaererkurser.dk\/index.php\/faglaererkurser-leg-dig-paa-vej\/\" \/>\n<meta property=\"og:site_name\" content=\"Fagl&aelig;rerkurser\" \/>\n<meta property=\"article:modified_time\" content=\"2022-01-29T17:08:22+00:00\" \/>\n<meta name=\"twitter:card\" content=\"summary_large_image\" \/>\n<meta name=\"twitter:label1\" content=\"Estimeret l\u00e6setid\" \/>\n\t<meta name=\"twitter:data1\" content=\"1 minut\" \/>\n<script type=\"application\/ld+json\" class=\"yoast-schema-graph\">{\"@context\":\"https:\/\/schema.org\",\"@graph\":[{\"@type\":\"WebPage\",\"@id\":\"https:\/\/faglaererkurser.dk\/index.php\/faglaererkurser-leg-dig-paa-vej\/\",\"url\":\"https:\/\/faglaererkurser.dk\/index.php\/faglaererkurser-leg-dig-paa-vej\/\",\"name\":\"Fagl&aelig;rerkurser - Leg dig p\u00e5 vej\",\"isPartOf\":{\"@id\":\"https:\/\/faglaererkurser.dk\/#website\"},\"datePublished\":\"2020-09-17T21:11:08+00:00\",\"dateModified\":\"2022-01-29T17:08:22+00:00\",\"description\":\"Leg dig p\u00e5 vej kan anvendes i undervisning i teori p\u00e5 alle k\u00f8rekortkategorier, kvalifikationsbevis og anden undervisning.\",\"breadcrumb\":{\"@id\":\"https:\/\/faglaererkurser.dk\/index.php\/faglaererkurser-leg-dig-paa-vej\/#breadcrumb\"},\"inLanguage\":\"da-DK\",\"potentialAction\":[{\"@type\":\"ReadAction\",\"target\":[\"https:\/\/faglaererkurser.dk\/index.php\/faglaererkurser-leg-dig-paa-vej\/\"]}]},{\"@type\":\"BreadcrumbList\",\"@id\":\"https:\/\/faglaererkurser.dk\/index.php\/faglaererkurser-leg-dig-paa-vej\/#breadcrumb\",\"itemListElement\":[{\"@type\":\"ListItem\",\"position\":1,\"name\":\"Hjem\",\"item\":\"https:\/\/faglaererkurser.dk\/\"},{\"@type\":\"ListItem\",\"position\":2,\"name\":\"Leg dig p\u00e5 vej\"}]},{\"@type\":\"WebSite\",\"@id\":\"https:\/\/faglaererkurser.dk\/#website\",\"url\":\"https:\/\/faglaererkurser.dk\/\",\"name\":\"Fagl\u00e6rerkurser\",\"description\":\"Skelvej 27, 9900 Frederikshavn - Tlf.: 40 31 25 25\",\"publisher\":{\"@id\":\"https:\/\/faglaererkurser.dk\/#\/schema\/person\/88ce6e6c76774d2e8e17717feb0e053a\"},\"potentialAction\":[{\"@type\":\"SearchAction\",\"target\":{\"@type\":\"EntryPoint\",\"urlTemplate\":\"https:\/\/faglaererkurser.dk\/?s={search_term_string}\"},\"query-input\":{\"@type\":\"PropertyValueSpecification\",\"valueRequired\":true,\"valueName\":\"search_term_string\"}}],\"inLanguage\":\"da-DK\"},{\"@type\":[\"Person\",\"Organization\"],\"@id\":\"https:\/\/faglaererkurser.dk\/#\/schema\/person\/88ce6e6c76774d2e8e17717feb0e053a\",\"name\":\"Kim Bille\",\"image\":{\"@type\":\"ImageObject\",\"inLanguage\":\"da-DK\",\"@id\":\"https:\/\/faglaererkurser.dk\/#\/schema\/person\/image\/\",\"url\":\"https:\/\/faglaererkurser.dk\/wp-content\/uploads\/2022\/02\/cropped-cropped-smart-microchip-background-motherboard-closeup-technology-remix-2.jpg\",\"contentUrl\":\"https:\/\/faglaererkurser.dk\/wp-content\/uploads\/2022\/02\/cropped-cropped-smart-microchip-background-motherboard-closeup-technology-remix-2.jpg\",\"width\":512,\"height\":512,\"caption\":\"Kim Bille\"},\"logo\":{\"@id\":\"https:\/\/faglaererkurser.dk\/#\/schema\/person\/image\/\"},\"sameAs\":[\"https:\/\/faglaererkurser.dk\"]}]}<\/script>\n<!-- \/ Yoast SEO plugin. -->","yoast_head_json":{"title":"Fagl&aelig;rerkurser - Leg dig p\u00e5 vej","description":"Leg dig p\u00e5 vej kan anvendes i undervisning i teori p\u00e5 alle k\u00f8rekortkategorier, kvalifikationsbevis og anden undervisning.","robots":{"index":"index","follow":"follow","max-snippet":"max-snippet:-1","max-image-preview":"max-image-preview:large","max-video-preview":"max-video-preview:-1"},"canonical":"https:\/\/faglaererkurser.dk\/index.php\/faglaererkurser-leg-dig-paa-vej\/","og_locale":"da_DK","og_type":"article","og_title":"Fagl&aelig;rerkurser - Leg dig p\u00e5 vej","og_description":"Leg dig p\u00e5 vej kan anvendes i undervisning i teori p\u00e5 alle k\u00f8rekortkategorier, kvalifikationsbevis og anden undervisning.","og_url":"https:\/\/faglaererkurser.dk\/index.php\/faglaererkurser-leg-dig-paa-vej\/","og_site_name":"Fagl&aelig;rerkurser","article_modified_time":"2022-01-29T17:08:22+00:00","twitter_card":"summary_large_image","twitter_misc":{"Estimeret l\u00e6setid":"1 minut"},"schema":{"@context":"https:\/\/schema.org","@graph":[{"@type":"WebPage","@id":"https:\/\/faglaererkurser.dk\/index.php\/faglaererkurser-leg-dig-paa-vej\/","url":"https:\/\/faglaererkurser.dk\/index.php\/faglaererkurser-leg-dig-paa-vej\/","name":"Fagl&aelig;rerkurser - Leg dig p\u00e5 vej","isPartOf":{"@id":"https:\/\/faglaererkurser.dk\/#website"},"datePublished":"2020-09-17T21:11:08+00:00","dateModified":"2022-01-29T17:08:22+00:00","description":"Leg dig p\u00e5 vej kan anvendes i undervisning i teori p\u00e5 alle k\u00f8rekortkategorier, kvalifikationsbevis og anden undervisning.","breadcrumb":{"@id":"https:\/\/faglaererkurser.dk\/index.php\/faglaererkurser-leg-dig-paa-vej\/#breadcrumb"},"inLanguage":"da-DK","potentialAction":[{"@type":"ReadAction","target":["https:\/\/faglaererkurser.dk\/index.php\/faglaererkurser-leg-dig-paa-vej\/"]}]},{"@type":"BreadcrumbList","@id":"https:\/\/faglaererkurser.dk\/index.php\/faglaererkurser-leg-dig-paa-vej\/#breadcrumb","itemListElement":[{"@type":"ListItem","position":1,"name":"Hjem","item":"https:\/\/faglaererkurser.dk\/"},{"@type":"ListItem","position":2,"name":"Leg dig p\u00e5 vej"}]},{"@type":"WebSite","@id":"https:\/\/faglaererkurser.dk\/#website","url":"https:\/\/faglaererkurser.dk\/","name":"Fagl\u00e6rerkurser","description":"Skelvej 27, 9900 Frederikshavn - Tlf.: 40 31 25 25","publisher":{"@id":"https:\/\/faglaererkurser.dk\/#\/schema\/person\/88ce6e6c76774d2e8e17717feb0e053a"},"potentialAction":[{"@type":"SearchAction","target":{"@type":"EntryPoint","urlTemplate":"https:\/\/faglaererkurser.dk\/?s={search_term_string}"},"query-input":{"@type":"PropertyValueSpecification","valueRequired":true,"valueName":"search_term_string"}}],"inLanguage":"da-DK"},{"@type":["Person","Organization"],"@id":"https:\/\/faglaererkurser.dk\/#\/schema\/person\/88ce6e6c76774d2e8e17717feb0e053a","name":"Kim Bille","image":{"@type":"ImageObject","inLanguage":"da-DK","@id":"https:\/\/faglaererkurser.dk\/#\/schema\/person\/image\/","url":"https:\/\/faglaererkurser.dk\/wp-content\/uploads\/2022\/02\/cropped-cropped-smart-microchip-background-motherboard-closeup-technology-remix-2.jpg","contentUrl":"https:\/\/faglaererkurser.dk\/wp-content\/uploads\/2022\/02\/cropped-cropped-smart-microchip-background-motherboard-closeup-technology-remix-2.jpg","width":512,"height":512,"caption":"Kim Bille"},"logo":{"@id":"https:\/\/faglaererkurser.dk\/#\/schema\/person\/image\/"},"sameAs":["https:\/\/faglaererkurser.dk"]}]}},"_links":{"self":[{"href":"https:\/\/faglaererkurser.dk\/index.php\/wp-json\/wp\/v2\/pages\/97","targetHints":{"allow":["GET"]}}],"collection":[{"href":"https:\/\/faglaererkurser.dk\/index.php\/wp-json\/wp\/v2\/pages"}],"about":[{"href":"https:\/\/faglaererkurser.dk\/index.php\/wp-json\/wp\/v2\/types\/page"}],"author":[{"embeddable":true,"href":"https:\/\/faglaererkurser.dk\/index.php\/wp-json\/wp\/v2\/users\/1"}],"replies":[{"embeddable":true,"href":"https:\/\/faglaererkurser.dk\/index.php\/wp-json\/wp\/v2\/comments?post=97"}],"version-history":[{"count":12,"href":"https:\/\/faglaererkurser.dk\/index.php\/wp-json\/wp\/v2\/pages\/97\/revisions"}],"predecessor-version":[{"id":1165,"href":"https:\/\/faglaererkurser.dk\/index.php\/wp-json\/wp\/v2\/pages\/97\/revisions\/1165"}],"wp:attachment":[{"href":"https:\/\/faglaererkurser.dk\/index.php\/wp-json\/wp\/v2\/media?parent=97"}],"curies":[{"name":"wp","href":"https:\/\/api.w.org\/{rel}","templated":true}]}}